3 = 3*k, 2*v - 142 = 2*k - 2212. What is the hundreds digit of k?
0
Let u(o) = -20*o - 1. Suppose 0 = -4*z + 5*z. Suppose z = 5*i - 2*f - 2 + 4, -i + f + 2 = 0. What is the units digit of u(i)?
9
Let i = -47 - -50. Suppose -255 = -i*b + 21. What is the tens digit of b?
9
Suppose -4*d + 4*u + 1700 = -2416, -2*d = -5*u - 2064. What is the tens digit of d?
2
Let a = 815 + 429. What is the tens digit of a?
4
Let n be ((-20)/8)/(-5)*-4. Let g be 3*1/2*n. Let s = g - -16. What is the tens digit of s?
1
Let y(i) = 62*i. Let o be y(2). Suppose 5*l - 299 = -5*p + 6*l, 0 = 2*p + 4*l - o. What is the tens digit of p?
6
Suppose 5*o = d - 8, -2 = 2*o - 4. Let v = -367 - -559. Suppose 0 = -4*z - j + v, -3*z + 2*j + 142 = -d. What is the units digit of z?
9
Let b = -1 - -6. Suppose -3*r - 3 = 4*a - 8, -10 = -5*r - b*a. Suppose 4*c - 3*c = -3, r*f - 12 = -4*c. What is the units digit of f?
8
Suppose 0 = -33*s + 37*s - 8. Suppose 35 + 47 = s*d. What is the units digit of d?
1
Suppose -3*p = 2*l + 102, 0 = -6*p + 2*p - l - 131. What is the tens digit of (p/5)/((-1)/10)?
6
Suppose -2*g = -0*g - 1048. What is the units digit of g/8 + 2 + (-3)/2?
6
Let d be -5*(2 + -3)*(-75)/5. Let u = 114 + d. What is the tens digit of u?
3
Let m(z) = 10*z**2 + 2*z + 7. What is the tens digit of m(4)?
7
Suppose 2*i - 5*f + 15 = 0, 0 = -0*i - 5*i + 4*f - 12. Let n(z) = -27*z - 17. Let x be n(-6). Suppose 5*l = -i*l + x. What is the units digit of l?
9
Let p(k) = -9*k + 20. Let g(s) = s - 24. Let u be g(17). What is the units digit of p(u)?
3
Suppose -f = -2*g + 9, -5*f - 2*g - 17 = -5*g. What is the tens digit of -2 + (0 - f) - (9 - 90)?
8
What is the hundreds digit of 374/(-51) + 8 + (-9440)/(-6)?
5
Let z(l) = -l**3 + 8*l**2 + 8*l + 1. Suppose -30 = -4*i - i. What is the hundreds digit of z(i)?
1
Suppose 7*y = 4*y + r + 1507, -4*y = -4*r - 1996. What is the hundreds digit of y?
5
Let w = 2243 + -396. What is the thousands digit of w?
1
Suppose 89*m = 65*m + 33768. What is the tens digit of m?
0
Let k be (14/5)/((-4)/20). Let v(j) be the first derivative of -j**2 - 14*j - 3. What is the units digit of v(k)?
4
Let a(v) = -v**3 + 7*v**2 - 5*v - 6. Let f be a(6). Suppose -q = -u - 2 + 1, -5*q = f. Let t(w) = -53*w + 1. What is the units digit of t(u)?
4
Suppose 4*s + 5*j + 7 = 0, 5 = -5*s - 0*s - 5*j. Let m = 7 - s. Suppose 16 = -4*h + m*h. What is the tens digit of h?
1
Let v be (-2 - 574)/(-2) + -1. Let p = v + -170. What is the hundreds digit of p?
1
Suppose -5*b = n + 21 - 4, 2*b + 5*n - 7 = 0. Suppose 27 = -2*z - x, -3*x = -0*z - 5*z - 40. Let m = b - z. What is the units digit of m?
7
Let v(k) be the third derivative of k**5/20 - 3*k**2. Let x be v(1). Suppose -x*z - 7 = -79. What is the units digit of z?
4
Suppose -18*i + 24*i - 816 = 0. What is the hundreds digit of i?
1
Let j(m) = 2*m**3 - 6*m**2 + 5*m + 1. Let l be j(5). Suppose -24 = -3*b + l. What is the units digit of b?
0
Let p = -18 - -27. Suppose p*a = 7*a + 122. What is the units digit of a?
1
Suppose 0 = 8*o - 3076 - 16748. What is the hundreds digit of o?
4
Let b(z) = z**2 + 6*z - 15. Let u be b(-7). Let x = u - -6. What is the units digit of x - -47 - (-8 + 8)?
5
Let x(r) = 26*r**3 - 53*r**3 + 7*r**2 + 26*r**3 - r**2 - r - 1. What is the units digit of x(5)?
9
Let p = 119 - 68. Let h be 2/(-3) - p/(-9). Suppose 4*l + 104 = 4*z, h*l = 4*z - 78 - 22. What is the units digit of z?
0
Let n = 14 + -10. Suppose -4*o + 60 = n*w, -4*w + 4 = -4. Let p = o + -7. What is the units digit of p?
6
Let j be -2 + (-2)/2 + -16. Let d = 9 - j. Let a = -19 + d. What is the units digit of a?
9
Suppose -3*r = -41*y + 46*y - 8527, -y + 1707 = -r. What is the units digit of y?
6
Let r(t) = t**2 + 7*t - 101. What is the tens digit of r(19)?
9
Let q be -5*1 + 2 + -1 + 6. Suppose -344 = -4*z - 2*k, 5*z = -q*k - 2*k + 433. What is the tens digit of z?
8
What is the hundreds digit of (-3 + 63/15)/((-6)/(-3320))?
6
Let o(t) = 61 - 2*t**2 + 2 + 56 - 12 - t**3. What is the tens digit of o(0)?
0
Let r(g) = g + 1. Let a be r(8). Let i be (44/(-22))/((-3)/(3*5)). Suppose -i*o + 18 = -a*o. What is the units digit of o?
8
Let i(r) = -306*r + 409. What is the tens digit of i(-3)?
2
Let z = 393 + -260. What is the tens digit of z?
3
Suppose -3*w - 4*d - 2 = 0, d + 1 + 1 = 0. Let o(u) = 34*u**3 - 4*u - 3 + u**2 - 35*u**3 - w*u**2. What is the units digit of o(-2)?
9
Let j = -6 - -9. Let c be (-155)/124 + 490/8. Suppose -f - j*b = -0*b - c, b + 220 = 3*f. What is the tens digit of f?
7
Suppose 303 = a + 5*h, 3*a + 2*h + 310 = 4*a. What is the hundreds digit of a?
3
Let y = -40 - -159. Suppose 5*s - 213 = -4*w, 2*w + 0*w = 3*s - y. What is the units digit of s?
1
Suppose -3*h + 4 = -5*s, 0*s - 25 = 5*h - 2*s. Let r be 2/h + 80/35. What is the tens digit of 3/((-6)/r) - -14?
1
Let p(d) = 2*d**2 + d + 7. Let w = 15 - 19. What is the tens digit of p(w)?
3
Let a(v) = 2*v + 21. Let s be a(-9). Suppose 3*b - d = 23, 4*d - 4 = -s*b + 39. Suppose b*r - 4*r = 135. What is the tens digit of r?
2
Let j(c) = c**2 + 4*c - 3. Let q be j(-4). Let a(t) = 0*t + 63 - 5*t + 3*t + 68 - 135. What is the units digit of a(q)?
2
Let j be 4448/19 - 4/38. What is the units digit of ((-5)/(-15))/(3/j)?
6
Suppose -22*l + 27*l = 2340. What is the tens digit of l?
6
Let a(p) = 149*p**2 + 4. What is the hundreds digit of a(-2)?
6
Let c(x) be the first derivative of 19*x**2/2 + 89*x - 48. What is the tens digit of c(8)?
4
Suppose -l + 7 = 2*c, -3*l = 2*c - 9 - 0. Suppose -2*b - c*r + 491 = -0*r, b - 223 = 3*r. What is the hundreds digit of b?
2
Suppose 14*f - 10 = 4. What is the units digit of 1*f/(-4) - (-10395)/108?
6
Let d be -2*((-1)/1)/(1 - 3). What is the tens digit of (10 - 10) + (-38)/d?
3
Suppose 9 = -4*s + s. Suppose -1 = 5*f - 1. What is the units digit of s/(-1) - f - -2?
5
Let s(b) be the first derivative of b**4/4 - 8*b**3/3 + 9*b**2/2 + b + 2. Let t be 75/30*(-28)/(-10). What is the tens digit of s(t)?
1
Suppose 14*n + 73 - 199 = 0. Suppose -229 = -n*p + 140. What is the tens digit of p?
4
Let f = -7 + 21. Suppose -3 = -w - 1, 0 = 2*o + 2*w - f. Suppose -2*g + 124 = 3*m - 4, -o*m = -g - 196. What is the tens digit of m?
4
Suppose 3*z - 14 = -5. What is the units digit of 65 + 20/(-4) + z*-1?
7
Let s(w) = -16*w**3 + 2*w**2 - 3*w + 2. Let b be s(1). Let o = b + 26. Let r = -3 + o. What is the units digit of r?
8
Suppose -5*s = 3*a - 0*a - 45, 2*s = 4*a + 18. Suppose 1 = 5*c - s. Suppose -3*x + 80 = -c*j, -36 = -x - 8*j + 4*j. What is the units digit of x?
8
Let i(z) be the first derivative of -6*z**2 + 12*z - 17. What is the tens digit of i(-6)?
8
Let s(y) = -3*y + 17. Let i be s(10). Let o = i + 46. What is the units digit of o?
3
Let b = 15 - 15. Suppose -y = -b - 4. Suppose 217 = 5*f + 2*d - 5*d, 0 = 4*f - y*d - 180. What is the units digit of f?
1
Let m = 2655 - 1487. What is the thousands digit of m?
1
Suppose n = -n + 4*c + 3562, -4*n = -4*c - 7144. What is the units digit of n?
1
Suppose -65 + 17 = -3*y. Let d = -3 - -8. Suppose 4*n - d*c - y = 107, 164 = 5*n + 4*c. What is the tens digit of n?
3
Let y be (-8)/(-20) + (-23)/(-5). Let z(r) = -y + 4*r - 14 + 20. What is the units digit of z(8)?
3
Suppose 2238 + 0 = 2*i - 4*n, 0 = i - 3*n - 1120. What is the units digit of i?
7
Let d be (-4)/10 - -2*2/10. Suppose -f - 3*f + 800 = d. What is the hundreds digit of f?
2
Suppose -62*b = -11*b - 26877. What is the tens digit of b?
2
Let p(m) = -m - 10. Let i be p(-13). Suppose -2*c = -5*a + 2*a - 166, c + i*a = 65. Let z = c - 35. What is the units digit of z?
2
What is the units digit of (-7)/(7/(-8)) - -594?
2
Let h(z) = z**3 + 7*z**2 + 4*z - 6. Let m be h(-6). Let l(u) = 5*u - 7. Let c be l(m). Suppose 81 = 2*a + c. What is the tens digit of a?
2
Let w be 2 + ((-4)/5)/((-2)/25). Let b be 2/(-5) + 2/5. What is the tens digit of b + -3 + (27 - w)?
1
Suppose 0 = -3*k + 4*j - j + 12, 5*k + 4*j - 11 = 0. Let b = -483 - -688. Suppose a + 3*g = 29, k*g = -3*a - 2*a + b. What is the tens digit of a?
4
Suppose 2*z + 2*z - 8 = 0. Suppose -z*y + 720 = y. What is the units digit of (-4)/14 - y/(-56)?
4
Suppose -2*t = 4*a + 2*t + 20, -a + 10 = -2*t. Suppose a*w - 13 = -w. Suppose -w*d + 15*d - 4 = 0. What is the units digit of d?
2
Suppose 0 = -c - 5, 3*n + 5300 = 8*n - 4*c. Wha